 s(i) = i + 1. Let p be s(3). Suppose p*z + 0*q - 128 = -4*q, 5*z - 4*q - 160 = 0. What is the units digit of z?
2
Let w(h) = -24*h - 19. Let a be ((-154)/88)/((-2)/(-8)). What is the tens digit of w(a)?
4
Suppose 4*b = 5*b - 4. Suppose -b*r - 3*n + 2*n = -249, 5*r = -5*n + 315. What is the tens digit of r?
6
Let p(t) = 2*t - 10 - 6*t - 2*t + 9*t. What is the units digit of p(6)?
8
What is the tens digit of ((-22)/(-88))/(2/2776)?
4
Let z = -1417 - -2716. What is the hundreds digit of z?
2
Let y(c) = c**2 - 6*c - 12. Let f be y(8). Let g be (6/f)/((-2)/(-4)). Suppose -g*n = -5*n + 8. What is the units digit of n?
4
What is the units digit of (-6)/(-10) + (-13851)/(-15)?
4
Let z(p) be the third derivative of 9*p**6/20 + p**5/30 + p**4/12 + p**3/6 - 8*p**2. Let y be z(-1). Let r = 92 + y. What is the units digit of r?
9
Let i(x) = -3*x**2 + 83*x + 94. What is the tens digit of i(16)?
5
Let s(t) = 8*t**2 - t - 7. Let h be s(4). Suppose -306 = -7*f - h. What is the units digit of f?
7
Let l(p) = -p**3 - 14*p**2 + 13*p - 18. Let o be l(-16). Suppose -4*t + 5*t = o. What is the hundreds digit of t?
2
Suppose -8*n + 5*n + x = -1070, -4*n = 4*x - 1400. What is the hundreds digit of n?
3
Let d(z) = -3*z + 17. Suppose 150 = -5*i - 5*n - 0*n, 2*i - 2*n + 52 = 0. Let w be (21/i)/(1/12). What is the tens digit of d(w)?
4
Suppose 0 = 7*o - 15014 - 12062. What is the tens digit of o?
6
Let q = 83 + -80. Suppose q*w + 2*y = 532, -3*w + y + 891 = 2*w. What is the hundreds digit of w?
1
Let c = -3 + 4. Let r(u) = -5*u**2 + 2*u**2 + 25*u**2. What is the tens digit of r(c)?
2
Suppose 1444*b - 568 = 1443*b. What is the tens digit of b?
6
What is the units digit of -11 - (26064/(-2))/6?
1
Suppose -p - 17*h + 317 = -20*h, 3*p = -5*h + 923. What is the units digit of p?
1
Suppose -5*m = 7*l - 4*l - 6412, -10665 = -5*l - 4*m. What is the thousands digit of l?
2
Let p = -792 + 1324. What is the units digit of p?
2
Suppose -4*t = 3 - 19. Suppose -t*l = -6*l + 66. Suppose 2*m = 10, -3*v - 4*m + l + 50 = 0. What is the units digit of v?
1
Suppose 0 = 2*o - 729 + 289. Suppose -5*m = -9*m + o. What is the tens digit of m?
5
Let g be (2/6)/(2/54). Suppose -4*a - 140 = -g*a. What is the tens digit of a?
2
Suppose q + 11 = -4. What is the tens digit of (-5*3/q)/(2/106)?
5
Suppose 14*c - 51 - 19 = 0. Let l(o) = -o**3 - o**2 + 3. Let i be l(0). Suppose -2*q + 13 = q + 2*a, 0 = c*q - i*a + 10. What is the units digit of q?
1
Let a = -49 - -123. What is the units digit of a?
4
Suppose -15 = -5*v - 2*l, -2*v - l + 0*l + 6 = 0. Suppose -101 = -5*k - s, -5*k = -v*k + s - 41. Let a = k + -11. What is the units digit of a?
9
Suppose -12*c + 14*c - 2*h = 876, 0 = -c - 2*h + 435. What is the hundreds digit of c?
4
What is the tens digit of ((-2980)/15 + 3)*-3?
8
Suppose -3379 = -19*z - 1194. What is the units digit of z?
5
Let z = 29 - 27. Suppose z*s = -2*s + 220. What is the tens digit of s?
5
What is the units digit of (12/10)/((45/(-25))/(-9))?
6
What is the tens digit of -1*(-14)/(-21)*1422/(-4)?
3
Let v(h) = 120*h**2 + 57*h - 72. Let s(m) = 15*m**2 + 7*m - 9. Let a(x) = 33*s(x) - 4*v(x). What is the tens digit of a(-4)?
1
Let c(j) = -16*j + 22. Suppose 34 = 2*x + 62. What is the tens digit of c(x)?
4
Suppose -4*m - 488 = -5*j, 3*j = -j + 3*m + 391. Let g = j - 12. What is the tens digit of g?
8
Let d(z) = -z**3 - 10*z**2 + 3*z - 24. What is the tens digit of d(-13)?
4
Suppose -2*w + 74 = -5*f - 312, -5*w + 243 = -3*f. Let x = 224 + f. What is the units digit of x?
8
Let i be (6 + -4 - -4) + -4. Suppose -14 + i = -3*n. Suppose -n*r + 24 = -2*r. What is the tens digit of r?
1
Let g(m) = 3*m. Let a(k) = 2*k**3 - 3*k**2 + k - 1. Let s be 3 - (-1 - 4/(-2)). Let f be a(s). What is the units digit of g(f)?
5
Let n(a) = -a**3 - 6*a**2 - 6*a - 2. Suppose 0 = -0*g + 5*g + 30. Let l be (18/2)/(9/g). What is the units digit of n(l)?
4
Let g = 0 + 3. Suppose 5*o - 22 = -g*n + 6, -4*o - 4*n + 24 = 0. Suppose -65 = -5*l - o*j, -4*j + 19 + 17 = 3*l. What is the units digit of l?
6
Let m(l) = -24*l + 19. Let d be m(-18). Let r = 647 - d. What is the units digit of r?
6
Suppose -4*l = -15*p + 13*p + 4496, 4*l + 12 = 0. What is the hundreds digit of p?
2
Let a(y) = -y**3 - 3*y**2 + 6*y - 1. Let z be a(-5). Let k = 61 - z. What is the tens digit of k?
4
Let k(c) = -3*c**2 - 2*c + 8. Let v(n) = 3*n**2 + 3*n - 9. Let s(r) = -5*k(r) - 4*v(r). Let b be s(3). Let m = b + -9. What is the units digit of m?
8
Suppose 3*v - 132 = -2*u + 145, 2*v - 423 = -3*u. Let a = u - 32. What is the units digit of a?
1
Let v be ((-45)/(-60))/(3/8). Let r(w) = 13*w - 4. What is the tens digit of r(v)?
2
Let m(h) = 5*h**3 + 2*h**2 - 5*h + 1. Let k(v) = -v**3 + 3*v**2 + 4*v + 2. Let q be k(4). What is the tens digit of m(q)?
3
Let x(z) = -4*z**2 - 132*z + 42. What is the tens digit of x(-31)?
9
Let a = -37 + 22. What is the units digit of (5/a)/(1/(-3))?
1
Suppose 5*h = -3*f + 40, -2*h - 5 = f - 4*f. Suppose 5*p = -3*z + 200, h*z + 4*p = 3*z + 134. What is the tens digit of z?
6
Let i(w) = -2*w**2 - 8 + 3*w**2 - 7*w + 6 - 5. What is the hundreds digit of i(15)?
1
Suppose 9*c + 147 = 21. What is the hundreds digit of ((-21)/c)/((-1)/(-86))?
1
Suppose 1 = -g - 8. Let c = 55 - g. What is the tens digit of c?
6
Let a be 4 + (-1)/(2/(-2)). Suppose -3*z - 36 = -4*n, 4*z - a*z = n - 9. Let j = 36 + n. What is the units digit of j?
5
Suppose 2*b - 19 = -67. What is the units digit of (-316)/(-16)*b/(-6)?
9
Let a(v) = v + 37. Suppose -7*d - 40 = 107. What is the units digit of a(d)?
6
Let v = 454 - 305. What is the units digit of v?
9
Suppose -l - 78 = -3*r, -43 = -3*r + 5*l + 23. Suppose -118 = r*i - 29*i. What is the units digit of i?
9
Suppose 2*f - 23 = -5. Let p be 2/f - (-32)/18. Suppose -p*h = 3*h + 2*l - 175, -71 = -2*h - l. What is the tens digit of h?
3
Suppose -3*x - x = -4*a + 6036, 0 = -6*a - 2*x + 9038. What is the units digit of a?
7
Let w = -13 - -23. Suppose -11*f + 3 = -w*f. Suppose -37 = -2*s - f*h + 26, -h - 29 = -s. What is the units digit of s?
0
Let k(f) = f**3 + 5*f**2 + 5*f + 2. Let q be k(-3). Suppose 2*o = -0*o + u - 5, -o - q*u = -3. What is the units digit of o/5 - (-87)/5?
7
Suppose 0 = 11*r - 58 - 74. Suppose 9*s = r*s - 423. What is the hundreds digit of s?
1
Suppose 13599 = 14*u - 4433. Suppose r + u = 8*r. What is the units digit of r?
4
Let l(n) = 2*n**3 + 59*n**2 + 22*n - 6. What is the units digit of l(-29)?
7
Let v be 19 - ((-3 - -2) + 0). Suppose -2*k = -t - 2, 2*k + 2*k + v = 5*t. What is the units digit of 249/12 + 2/t?
1
Suppose -573 = -q - l + 963, 3096 = 2*q - 4*l. What is the thousands digit of q?
1
Suppose 3*a + a + 5*c - 2169 = 0, a - 545 = -4*c. What is the hundreds digit of a?
5
Let z = 308 + 29. What is the hundreds digit of z?
3
Suppose f - x - 183 = 0, 1008 = 5*f + x + 117. What is the units digit of f?
9
Suppose 6*q - 5 = -u + 2*q, -3*u + 15 = 4*q. Suppose -u*w = 14 - 39. Suppose w = v, v = 5*k - 3*v - 75. What is the tens digit of k?
1
Suppose -5 = 3*u - 17. Suppose 2*q - 94 = u*p, -84 = -4*q - 2*p + 134. What is the tens digit of q?
5
Suppose -2*f + 0 + 4 = 0. Suppose 0 = q + f*q - 15. Suppose -2*k - 74 = -5*b, 0*k + q*k - 63 = -3*b. What is the tens digit of b?
1
Let o(z) = -3*z + z + 0*z**3 + z + z**3. Let t be o(0). What is the units digit of (t - -10) + -9 + 6?
7
Suppose 0 = -4*k + 57 - 213. Let m = k + 44. What is the units digit of m?
5
Let a be 34/9 + 4/18. Let y be (4/(16/(-174)))/((-15)/60). Suppose a*l = 2*w + 210, -2*w = -3*l - 6*w + y. What is the tens digit of l?
5
Suppose 0 = -2*i + 4*b + 1896, 4*b - 3 + 19 = 0. What is the units digit of i?
0
Suppose -5*m + m - 1476 = 0. Let w = -241 - m. Suppose 0*j + w = 4*j. What is the tens digit of j?
3
Let q = 1390 + -395. What is the hundreds digit of q?
9
Let u be (-11)/(-5) + 3/(-15). Let z = -78 + 82. Suppose -u*g = z*x + 3*g - 83, 2*g = 4*x - 118. What is the tens digit of x?
2
What is the thousands digit of 6/13 + 2356900/676?
3
Let k be 2 - (-446)/(-10) - (-4)/(-10). Let q = k - -103. What is the tens digit of q?
6
Let a(x) = -2*x - 4. Let n be a(-4). What is the tens digit of ((-6)/(-9))/(6882/1719 - n)?
9
Let s(d) = -5*d + 7. Let o be s(4). Let q be 2/o + 792/78. What is the units digit of (q - -2)/(4/22)?
6
Let 